 w(s). Let z = 7 + 11. What is the highest common factor of q and z?
9
Let a be 0 - 1 - -3 - -6. Let t = a + -10. Let n(o) = -11*o**3 - o**2 + 1. Let d be n(t). Calculate the highest common factor of d and 17.
17
Suppose -u + 3*u = w, w + 5*u - 7 = 0. Let p be w/(-7) + 788/14. Let r = 15 - 8. What is the greatest common divisor of p and r?
7
Suppose -r - 2*r + 900 = 0. Suppose 2*g - 7*g = -r. What is the highest common factor of g and 20?
20
Let o = 51 + -100. Let a = o - -24. Let k be (-3 - 0) + (0 - a). Calculate the highest common factor of k and 55.
11
Let y be (4 + -3)*(-9 - -3). Let l be (-28)/y*(-12)/(-4). What is the greatest common factor of l and 56?
14
Let d(b) = 8*b**2 - 3*b - 4. Let c be d(-4). Calculate the highest common factor of 17 and c.
17
Suppose -1 + 3 = 2*h. Calculate the greatest common factor of 8 and h.
1
Suppose 4*l - 214 = 1562. Let s = -5 - 0. Let n be 2/s + l/10. Calculate the greatest common divisor of n and 4.
4
Let b(c) = -2*c - 2. Let n be b(-5). Suppose -n = -5*x + 7. Suppose 0 = -i + 3*d + 3, x*i - 5*d - 8 = i. Calculate the greatest common divisor of 9 and i.
9
Let n = -405 + 647. Calculate the highest common divisor of n and 22.
22
Let o be (-12)/66 + 204/33. Calculate the greatest common divisor of 6 and o.
6
Suppose 3*h = -h, h = -2*f + 30. Calculate the highest common divisor of 105 and f.
15
Suppose 15*y = 1168 + 1832. Calculate the highest common divisor of 8 and y.
8
Let f = 19 + -4. Calculate the highest common factor of f and 15.
15
Suppose 0 = -t + 4. Suppose 0*h + 4*h + t = 0, 77 = 2*m - 5*h. What is the greatest common divisor of m and 24?
12
Let y = -22 + 35. Let u(h) = 2*h**2 + 8*h + 5*h**2 + 8 - h**2 - 2*h**2. Let c be u(-6). Calculate the highest common divisor of c and y.
13
Suppose -5*c + 61 = -49. Suppose a - 3*a = 0. Suppose -4*d - 2*h + 136 = a, -5*d - h + 105 = -62. Calculate the greatest common divisor of c and d.
11
Suppose 2*n = -2*w + 6, -2*n = 5*w - 13 - 8. Suppose 4*p - 148 = -x, 2*x - 5*x + 192 = w*p. Calculate the greatest common factor of 18 and p.
18
Suppose -2*i = -0*i - 68. Let x = i + -20. Let s be (6/7)/(2/x). Calculate the highest common factor of 66 and s.
6
Suppose -5*o = -4*c - 13, 4*c + o = 3*c + 8. Suppose -c*u + 7*u = -2*s + 22, 0 = -u + 3*s - 5. What is the highest common factor of 8 and u?
4
Suppose -374 = -34*q + 33*q. Calculate the greatest common factor of 34 and q.
34
Let m(x) be the first derivative of -x**3/3 + 5*x**2/2 + 4*x - 1. Let k be m(5). Let o be 30/k*(-16)/(-12). Calculate the greatest common factor of o and 20.
10
Let i be 28/3 - 6/(-9). Calculate the highest common factor of 110 and i.
10
Let d = 144 - 143. Calculate the greatest common factor of d and 3.
1
Suppose -648 = -9*w - 0*w. Calculate the greatest common factor of w and 8.
8
Suppose -g + 2 = b - 18, 3*g + 20 = 2*b. Let u be (-4)/14 + (-16)/(-7). Suppose -4*s + 8 = -u*s. Calculate the greatest common factor of b and s.
4
Let i(z) = -2*z + 1. Let y be i(-5). Suppose 4*s - 55 = -y. What is the greatest common divisor of s and 121?
11
Let x(m) = -2*m - 2. Let u be x(-6). Suppose 0 = 2*j - 4*j + 20. Calculate the greatest common divisor of j and u.
10
Let o be ((-228 - 0)/4)/(-1). Calculate the greatest common divisor of 19 and o.
19
Suppose -3*w - 20 = -7*w. Calculate the greatest common factor of w and 45.
5
Let f be (-102)/((2/(-6))/((-7)/(-14))). Calculate the highest common factor of 17 and f.
17
Let l(w) = -4*w - 1. Let k be l(-4). Let s be (-6)/(-4)*110/k. Suppose -3*p = 2*p - 330. What is the highest common factor of s and p?
11
Suppose 3*z - 234 = 2*z. Suppose -5*r + 2*l = -l + 723, 0 = -5*l + 5. Let q = r + z. Calculate the greatest common factor of q and 10.
10
Let b be (-4)/14 - 548/(-7). Calculate the greatest common divisor of 6 and b.
6
Let n be 3 + 0 + (-2 - 1). Let g be (n + -6)*4/(-3). What is the greatest common divisor of g and 88?
8
Suppose 5*i - 5*j - 35 = 0, -17 = -3*i + j - 4. Suppose -58 + 16 = -2*y + 4*t, i*t - 36 = -3*y. Calculate the greatest common divisor of 60 and y.
15
Let z = 53 + -5. Calculate the highest common factor of 6 and z.
6
Let x = -67 - -77. What is the greatest common factor of x and 110?
10
Suppose 3*d - 3 = 0, -8*u + 11 = -3*u + d. Let q(s) = 9*s**2 - 3*s + 2. Let w be q(u). What is the highest common divisor of 48 and w?
16
Let m(z) = 3*z - 2. Let q be m(-2). Let u be ((-10)/(-8) - 2)*q. Let a be (-2 - 20/(-6))*u. What is the highest common divisor of a and 72?
8
Let n(t) = -3*t**3. Let v be (-3)/(-2)*4/(-6). Let q be n(v). Suppose -2*p - 36 = -3*z - 3*p, 0 = -p. What is the greatest common divisor of z and q?
3
Suppose 5*o + 127 = -28. Let i = o - -71. Calculate the highest common divisor of i and 5.
5
Let n be 2/3 + 129/9. Suppose -4*p + 6 = -3*p. Calculate the greatest common divisor of n and p.
3
Let a = -7 - -12. Let k = -40 + 95. What is the greatest common factor of k and a?
5
Suppose -4*v = 2*q - 96, 4*q = -0*v - v + 164. Let f be (-3)/5 + 64/q. What is the highest common factor of 11 and f?
1
Suppose 0 = -0*c + 3*c + 2*l - 41, -2*c = 2*l - 30. Let k = -8 + 13. Suppose q - 7 - 7 = z, 0 = k*q + z - 52. What is the greatest common divisor of c and q?
11
Let s = -73 - -83. What is the greatest common factor of 50 and s?
10
Let n = 122 + -45. What is the greatest common factor of n and 11?
11
Suppose -12*i + 242 + 430 = 0. Calculate the greatest common factor of i and 7.
7
Let z(b) = b + 5. Let h be z(10). Suppose h = 2*a - c, -9 = -4*a - 3*c + 6. What is the highest common factor of 54 and a?
6
Suppose -10*m - 120 = -13*m. What is the greatest common factor of 50 and m?
10
Suppose 5*v - 22 = 88. What is the highest common divisor of v and 99?
11
Suppose -1 = -3*h - 5*b, 2*h + 5*b = 3*b + 2. Suppose h*o - 2*a + 5*a - 71 = 0, 5*o - 4*a - 120 = 0. What is the greatest common factor of 7 and o?
7
Let i(d) = -d**3 - 9*d**2 - 7*d + 11. Let u be i(-8). Let g be (-5)/(u*2/(-6)). What is the greatest common factor of g and 2?
1
Let a(v) = 2*v**2 - 2*v - 1. Let i be a(2). Let s(m) = -m + 15. Let z be s(9). What is the highest common factor of z and i?
3
Let r(v) = -v**2 - 11*v + 9. Let y be r(-11). Let b = -3 + y. Calculate the highest common divisor of 4 and b.
2
Suppose i = -1, 4*i + 16 = -n - 11. Let w = n + 41. What is the highest common divisor of w and 6?
6
Suppose 0 = i - 0*a + 5*a - 40, -4*i + 5*a + 35 = 0. What is the highest common factor of 30 and i?
15
Suppose -5*o = -10 - 10. Let w = 122 - 114. Calculate the greatest common factor of o and w.
4
Suppose -9*m = -16*m + 168. Suppose -3 = 3*u - 12. Calculate the highest common factor of m and u.
3
Let c(f) = f**3 + 6*f**2 + 2*f + 5. Let g be c(-5). What is the greatest common divisor of 20 and g?
20
Let g = -5 + -1. Let y be -1 - -1 - g/1. Suppose 10*o = 11*o - 6. What is the greatest common factor of o and y?
6
Suppose 3*d + 59 = 3*b + 479, -5*b - 292 = -2*d. Let s(w) = w**3 - 8*w**2 + 16*w - 7. Let y be s(6). Calculate the greatest common divisor of d and y.
17
Let w(z) = z**2 + 2*z + 2. Suppose -x + 2*x = -4. Let g be w(x). Let t = -39 + 44. What is the greatest common divisor of g and t?
5
Let v be (5/(-3))/(3/(-9)). What is the highest common factor of 10 and v?
5
Let w(v) = 21*v**2 + 2*v. Let f be w(2). Suppose 4 = 4*s, 53 - 10 = 2*i - s. Calculate the greatest common divisor of i and f.
22
Suppose c = 4*o - o - 17, 0 = -o + 5*c + 29. What is the greatest common factor of 44 and o?
4
Suppose 0 = -6*t + 3*t + 108. Suppose -6 = -g - 2*u + 3*u, 0 = -5*g - u + 48. Calculate the highest common factor of g and t.
9
Let d(p) = p**2 - 11*p - 20. Let o be d(-5). Calculate the highest common divisor of o and 45.
15
Suppose -5*n = 34 - 104. Calculate the greatest common divisor of n and 126.
14
Let d(t) be the first derivative of t**3/3 + 2*t**2 + 3*t - 1. Let c = 17 - 26. Let x be d(c). Calculate the greatest common divisor of x and 16.
16
Suppose 0 = 15*m - 10*m - 120. Suppose 0*q + 26 = 2*q + 2*i, 3*q - 54 = 2*i. Calculate the greatest common divisor of m and q.
8
Suppose 0 = 8*d - 6*d - 4. Let c be (4 - d) + (2 - 2). Calculate the highest common factor of c and 16.
2
Suppose 4*x - 220 = 4*h, x + 5*h - 54 = 1. Suppose -r - 10 + 21 = 0. What is the highest common divisor of r and x?
11
Let 